5*o - 719. What is the remainder when o is divided by h(-47)?
20
Suppose -336 = -3*i - 5*t, 86 + 327 = 4*i - 5*t. Calculate the remainder when i is divided by 99.
8
Suppose -r + 2131 = 4*v, -2665 = 112*v - 117*v - r. What is the remainder when v is divided by 33?
6
Calculate the remainder when (-160)/100 + 6952/20 is divided by 24.
10
Let l = 149 + -185. Suppose 5*c = -67 + 202. What is the remainder when c is divided by l/(-5) + (-4)/(-40)*-2?
6
Let d(h) = -379*h - 1322. What is the remainder when d(-5) is divided by 36?
33
Suppose 534 - 806 = -8*y. What is the remainder when 706 is divided by y?
26
Let x = 13046 + -11561. Calculate the remainder when 1486 is divided by x.
1
Suppose -115*r + 468 + 208 = -129. What is the remainder when 189 is divided by r?
0
Let w(z) = -4*z**3 + z**2 + 43*z + 36. What is the remainder when w(-7) is divided by 196?
176
Let o be (-2)/3 - (-977)/(-6)*-2. Suppose -5*r - o = 5*k, -3*r - 3*k = -5*k + 185. What is the remainder when 33 is divided by ((-1)/(-3) - 1)*r/2?
12
Calculate the remainder when (-4 - -217)/((-245)/(-56) - 4) is divided by 187.
7
Suppose -3*t = -3*k - 6, 4*k - 3*t - 8 + 12 = 0. Suppose -i + 53 = 2*c, c = i + k*c - 49. What is the remainder when i is divided by 1 - (-2 + 3) - -6?
3
Let j(l) = -8*l - 40. Let r be j(-5). Suppose 4*h - 1141 + 1045 = r. What is the remainder when 45 is divided by h?
21
Suppose -72*y + 73*y - 2 = 0. Suppose -2*m - 169 = -2*z - 11, 4*m = -y*z + 128. What is the remainder when z is divided by 40?
34
Let y(l) = -416*l + 3948. What is the remainder when y(-2) is divided by 29?
24
Suppose -2*j - 3*l + 34 = 0, -4*j + 0*l - 5*l = -68. What is the remainder when 500 is divided by j?
7
Let w = -8728 + 8756. What is the remainder when 5375 is divided by w?
27
Let m = 2055 - 2033. Calculate the remainder when 159 is divided by m.
5
Suppose 380*t - 1300 = 370*t. What is the remainder when 227 is divided by t?
97
Let h be ((-7)/(-3))/(2/12). Suppose 5*u + h = 9*u + i, 0 = 4*u - 5*i - 2. Let z = 19 - u. Calculate the remainder when 141 is divided by z.
13
Let y = -1134 - -633. Let a = 652 + y. Calculate the remainder when a is divided by 14.
11
Let n(q) = 7*q + 73. Suppose -h + 266 = 6*h. What is the remainder when h is divided by n(-9)?
8
Let p = 17488 + -16898. What is the remainder when 1181 is divided by p?
1
Suppose 121*d - 229405 = 76483. What is the remainder when d is divided by 22?
20
Let g be 565/(-4 - (-145)/30). What is the remainder when g + (12/(-24))/(3/(-6)) is divided by 22?
19
Let k = -21 - -20. Let z = -4 - k. Let y(j) = -2*j**3 + j**2 + 4*j - 2. Calculate the remainder when y(z) is divided by 25.
24
Let x(p) = -p**3 - 18*p**2 - 2*p + 40. Let g be 55/(-3) + (-10)/(-30). Let t be x(g). Let q = t - 5. Calculate the remainder when q is divided by 25.
21
Suppose 16*c = -3262 + 11982. Calculate the remainder when c is divided by 33.
17
Let u = 29 - -58. Suppose 0 = 83*l - u*l + 32. Calculate the remainder when 173 is divided by l.
5
Suppose 3*r + 2*t = 22, 29*t + 2 = r + 27*t. Suppose 3*f - 847 = -5*j, 9*f - r*f + 3 = 0. Calculate the remainder when j is divided by 45.
35
Let y = -28974 - -29280. What is the remainder when 1564 is divided by y?
34
Let f = -31781 - -31808. Calculate the remainder when 1430 is divided by f.
26
Let d be 6 + (-8 - -4) + 67. Suppose d = 15*a - 156. Calculate the remainder when 99 is divided by a.
9
Let k(x) = 142*x - 420. Calculate the remainder when 118 is divided by k(3).
4
Let z = 212 + -205. Let a(m) = -m**3 + 4*m**2 + 24*m - 16. What is the remainder when 61 is divided by a(z)?
1
Let j be -23 - (-4 + 0) - 2. Let y = -19 - j. Calculate the remainder when (y + (-108)/10)/((-2)/5) is divided by 4.
2
Let m = 7055 - 6621. Calculate the remainder when m is divided by 221.
213
Let u = 88 - 86. Suppose 0 = -5*b + 3*d + 143, 2*b + u*d = -1 + 55. Calculate the remainder when 159 is divided by b.
19
Let c = -90 - -140. Let a = -2345 - -2367. What is the remainder when c is divided by a?
6
Suppose 91 = -64*z + 71*z. Let n(x) = x**3 - 12*x**2 - 15*x + 31. Calculate the remainder when 117 is divided by n(z).
2
Suppose 4*q = -4*a + 180, 13*q - 17*q + 180 = -3*a. What is the remainder when q is divided by 33?
12
Suppose 2*c = -5*b + 118, 2*b = -3*b - 3*c + 117. Suppose -2*r + 20 = b. What is the remainder when 4/(-8) + (-55)/r is divided by 16?
11
Suppose -102 = -3*p + 1296*w - 1291*w, -2*p - 5*w = -68. Calculate the remainder when 2634 is divided by p.
16
Let u = -128 - -121. Let l = 47 + u. Calculate the remainder when l is divided by 14.
12
Let k = 2700 - 2681. Let c(u) = -10*u**3 - u**2 + 3*u + 2. Suppose -5*m + 4 = -2*w, -1 + 7 = -3*w - m. What is the remainder when c(w) is divided by k?
15
Suppose 5*t + 2*o = 5*o + 14, 3*o - 2 = t. Let k be 6 + t/(-1) + -1. What is the remainder when (-3 + 2)/(k/(-32)) is divided by 11?
10
Let m(y) = -3*y**3 - 7*y**2 + 3*y + 8. Suppose -26 = -3*p - 35. Suppose 4*s - 7*g = -2*g + 689, -g = 5. Calculate the remainder when s is divided by m(p).
13
Suppose 0 = -8*c + 16*c - 12256. Suppose -23*v = -c - 3022. Calculate the remainder when v is divided by 50.
48
Suppose -2*k + 726 = 3*j, -5*j + 4*k + 1210 = -k. Let n = j - 173. Calculate the remainder when n is divided by 25.
19
Let v(q) = 28*q**3 + 17*q**2 - 42*q + 15. What is the remainder when 1520 is divided by v(2)?
182
Suppose 3*x + 3 = 4*p - 14, 0 = -2*x + 10. Suppose -98 = p*v - 242. Let t = v - 9. Calculate the remainder when t is divided by 3.
0
Let o = -193 + 204. Suppose -952 = -5*f + 1113. Suppose -5*g - p + 337 = -g, 0 = 5*g + 4*p - f. What is the remainder when g is divided by o?
8
Let t = 204 - -109. Calculate the remainder when t is divided by (-2829)/(-189) - 490/(-15435).
13
What is the remainder when (-74)/((-25)/(3250/20)) is divided by 63?
40
Suppose 4*k + 4*k - 37622 = -5*k. What is the remainder when k is divided by 85?
4
Let k be (32/(-24))/((-2)/6). Let s be (418/(-55) + k/(-10))/(-2). Calculate the remainder when 12 is divided by (s/(-3))/((-2)/15).
2
Suppose 0 = -m - 122 + 268. Let t = m + -132. Calculate the remainder when t is divided by 7.
0
Suppose -5 + 255 = 5*c. Suppose -5*l - g = 213, -3*g = -3*l - 0*g - 117. Let v = -25 - l. Calculate the remainder when c is divided by v.
16
Suppose 5*q - 4*q - 4 = 0. Calculate the remainder when -2 + -4 + 7 + 61 is divided by q.
2
Let q be (-8)/8*2*(-5)/2. Let y be q*(-2)/6*-3. Suppose y*z - 30 = -2*m, 4*z - m = -5*m + 36. What is the remainder when z is divided by 1?
0
Let n(k) = -17*k**3 + 5*k + 5. Suppose 9*w - 4*w + 10 = 0. What is the remainder when n(w) is divided by 11?
10
Suppose 4*n = -2*x - x + 17, 0 = -2*x + 2*n - 12. What is the remainder when x - 2*(-17 + 4) is divided by 8?
1
Let m = 1054 - 1028. What is the remainder when 75 is divided by m?
23
Let d(o) = -1086*o - 18287. Suppose -14 = -2*c + 2*p - 0*p, 2*c + 2*p - 30 = 0. What is the remainder when d(-17) is divided by c?
10
Suppose 4*o + 3*v - 393 = 0, 0 = 4*o - 2*v - 16 - 402. Calculate the remainder when o is divided by 9.
3
Let r(a) = -a**3 + 6*a**2 + 6*a + 10. Let j be r(6). Let q = j - 48. Calculate the remainder when q/(2/(-85)) + (-6)/(-2) is divided by 31.
26
Let p(g) = 3*g**2 + 17*g - 12. Let f be p(-15). Suppose 5*c - 5*r - 730 = 0, 2*c + 2*r + 132 = f. What is the remainder when c is divided by 49?
44
Suppose d + 0 - 11 = 0. Let v(i) = i**2 - 7*i - 2. Let q be v(8). What is the remainder when 456/(-32)*(-8)/q is divided by d?
8
Let r = -22812 + 23688. What is the remainder when r is divided by 283?
27
Let b = -22142 - -22258. What is the remainder when 2102 is divided by b?
14
Suppose 1154 - 76 = 55*b - 2442. Calculate the remainder when 841 is divided by b.
9
Let v = 7579 - 7548. What is the remainder when v is divided by 17?
14
Let c be -3 + 3/6*2. Let u be -1 - (2 + c + -7 + 2). Suppose 2*b - 47 = 2*h - 171, -254 = -u*h - 2*b. Calculate the remainder when h is divided by 17.
12
Let q = -10608 - -11319. Calculate the remainder when q is divided by 148.
119
Let d(w) = w**2 - 8*w - 1260. Calculate the remainder when d(-40) is divided by 34.
14
Let k be 3 - (-3 + 2 + -3 - 3). Suppose -b = -3*w + 14, -w + k = -6*w - 5*b. Let d(o) = 5*o - 10. What is the remainder when d(w) is divided by 1?
0
Suppose f = -2*f + 5*l - 